{"id":4501,"date":"2013-02-25T16:57:23","date_gmt":"2013-02-25T15:57:23","guid":{"rendered":"http:\/\/www.chaletnata.com\/val-di-fassa\/val-di-fassa-primavera\/?lang=de"},"modified":"2016-11-17T13:41:47","modified_gmt":"2016-11-17T12:41:47","slug":"fassatal-im-fruehling","status":"publish","type":"page","link":"https:\/\/www.chaletnata.com\/de\/fassatal\/fassatal-im-fruehling\/","title":{"rendered":"Fassatal im Fr\u00fchling"},"content":{"rendered":"<p>[vc_row][vc_column][vc_column_text]<\/p>\n<h3>Der Fr\u00fchling bedeutet Wiedererwachen der Natur, Auftauen vom langen Winter, die ersten Blumen auf den Wiesen widerstehen dem letzten Schnee.<\/h3>\n<div><\/div>\n<div>Auch der Fr\u00fchling ist eine wundersch\u00f6ne Zeit, wenn alles den strengen Winter zu verlassen scheint. Es ist sch\u00f6n zu sehen, wie der Talboden wieder gr\u00fcnt, w\u00e4hrend die Gipfel noch von Schnee bedeckt sind. Die Blumen f\u00fcllen erneut die Wiesen und Felder und die Rehe kommen bis ins Dorf hinab, um das erste frische Gras zu suchen. Auch in dieser Jahreszeit ist das Fassatal ruhig, es gibt keine Touristenmassen wie in den anderen Jahreszeiten. Wer einen friedlichen Platz f\u00fcr die totale Entspannung sucht, kann nichts Besseres finden als einen Urlaub im Chalet Nata in der Fr\u00fchlingszeit.<\/div>\n<div>\n<p>Copyright <a title=\"Anton Sessa\" href=\"http:\/\/www.antonsessa.com\" target=\"_blank\">Anton Sessa<\/a> by <a title=\"DolomitiPic\" href=\"http:\/\/www.dolomitipic.it\" target=\"_blank\">www.dolomitipic.it<\/a><\/p>\n<\/div>\n<p>[\/vc_column_text][\/vc_column][\/vc_row][vc_row][vc_column][vc_masonry_media_grid element_width=&#8220;3&#8243; grid_id=&#8220;vc_gid:1479387928105-5b574511-0419-8&#8243; include=&#8220;4206,4207,4208,4209,4210,4211,4212,4213,4214,4215,4216,4217&#8243;][\/vc_column][\/vc_row]<\/p>\n","protected":false},"excerpt":{"rendered":"<p>[vc_row][vc_column][vc_column_text] Der Fr\u00fchling bedeutet Wiedererwachen der Natur, Auftauen vom langen Winter, die ersten Blumen auf den Wiesen widerstehen dem letzten Schnee. Auch der Fr\u00fchling ist eine wundersch\u00f6ne Zeit, wenn alles den strengen Winter zu verlassen scheint. Es ist sch\u00f6n zu sehen, wie der Talboden wieder gr\u00fcnt, w\u00e4hrend die Gipfel noch von Schnee bedeckt sind. Die[&#8230;]<\/p>\n","protected":false},"author":1,"featured_media":0,"parent":4239,"menu_order":0,"comment_status":"open","ping_status":"open","template":"","meta":{"footnotes":""},"class_list":["post-4501","page","type-page","status-publish","hentry"],"yoast_head":"<!-- This site is optimized with the Yoast SEO plugin v26.9 - https:\/\/yoast.com\/product\/yoast-seo-wordpress\/ -->\n<title>Primavera in Val di Fassa negli appartamenti del Chalet Nata<\/title>\n<meta name=\"description\" content=\"Primavera in Val di Fassa al Chalet Nata per ammirare il risveglio della natura in montagna tra le cime dolomitiche in Trentino Alto Adige\" \/>\n<meta name=\"robots\" content=\"index, follow, max-snippet:-1, max-image-preview:large, max-video-preview:-1\" \/>\n<link rel=\"canonical\" href=\"https:\/\/www.chaletnata.com\/de\/fassatal\/fassatal-im-fruehling\/\" \/>\n<meta property=\"og:locale\" content=\"de_DE\" \/>\n<meta property=\"og:type\" content=\"article\" \/>\n<meta property=\"og:title\" content=\"Primavera in Val di Fassa negli appartamenti del Chalet Nata\" \/>\n<meta property=\"og:description\" content=\"Primavera in Val di Fassa al Chalet Nata per ammirare il risveglio della natura in montagna tra le cime dolomitiche in Trentino Alto Adige\" \/>\n<meta property=\"og:url\" content=\"https:\/\/www.chaletnata.com\/de\/fassatal\/fassatal-im-fruehling\/\" \/>\n<meta property=\"og:site_name\" content=\"Chalet Nata\" \/>\n<meta property=\"article:modified_time\" content=\"2016-11-17T12:41:47+00:00\" \/>\n<meta name=\"twitter:card\" content=\"summary_large_image\" \/>\n<meta name=\"twitter:label1\" content=\"Gesch\u00e4tzte Lesezeit\" \/>\n\t<meta name=\"twitter:data1\" content=\"1\u00a0Minute\" \/>\n<script type=\"application\/ld+json\" class=\"yoast-schema-graph\">{\"@context\":\"https:\/\/schema.org\",\"@graph\":[{\"@type\":\"WebPage\",\"@id\":\"https:\/\/www.chaletnata.com\/de\/fassatal\/fassatal-im-fruehling\/\",\"url\":\"https:\/\/www.chaletnata.com\/de\/fassatal\/fassatal-im-fruehling\/\",\"name\":\"Primavera in Val di Fassa negli appartamenti del Chalet Nata\",\"isPartOf\":{\"@id\":\"https:\/\/www.chaletnata.com\/en\/#website\"},\"datePublished\":\"2013-02-25T15:57:23+00:00\",\"dateModified\":\"2016-11-17T12:41:47+00:00\",\"description\":\"Primavera in Val di Fassa al Chalet Nata per ammirare il risveglio della natura in montagna tra le cime dolomitiche in Trentino Alto Adige\",\"breadcrumb\":{\"@id\":\"https:\/\/www.chaletnata.com\/de\/fassatal\/fassatal-im-fruehling\/#breadcrumb\"},\"inLanguage\":\"de\",\"potentialAction\":[{\"@type\":\"ReadAction\",\"target\":[\"https:\/\/www.chaletnata.com\/de\/fassatal\/fassatal-im-fruehling\/\"]}]},{\"@type\":\"BreadcrumbList\",\"@id\":\"https:\/\/www.chaletnata.com\/de\/fassatal\/fassatal-im-fruehling\/#breadcrumb\",\"itemListElement\":[{\"@type\":\"ListItem\",\"position\":1,\"name\":\"Home\",\"item\":\"https:\/\/www.chaletnata.com\/de\/\"},{\"@type\":\"ListItem\",\"position\":2,\"name\":\"Fassatal\",\"item\":\"https:\/\/www.chaletnata.com\/de\/fassatal\/\"},{\"@type\":\"ListItem\",\"position\":3,\"name\":\"Fassatal im Fr\u00fchling\"}]},{\"@type\":\"WebSite\",\"@id\":\"https:\/\/www.chaletnata.com\/en\/#website\",\"url\":\"https:\/\/www.chaletnata.com\/en\/\",\"name\":\"Chalet Nata\",\"description\":\"Appartamenti Turistici in Val di Fassa - Apartmens Dolomites - Ferienwhonung Dolomiten\",\"potentialAction\":[{\"@type\":\"SearchAction\",\"target\":{\"@type\":\"EntryPoint\",\"urlTemplate\":\"https:\/\/www.chaletnata.com\/en\/?s={search_term_string}\"},\"query-input\":{\"@type\":\"PropertyValueSpecification\",\"valueRequired\":true,\"valueName\":\"search_term_string\"}}],\"inLanguage\":\"de\"}]}<\/script>\n<!-- \/ Yoast SEO plugin. -->","yoast_head_json":{"title":"Primavera in Val di Fassa negli appartamenti del Chalet Nata","description":"Primavera in Val di Fassa al Chalet Nata per ammirare il risveglio della natura in montagna tra le cime dolomitiche in Trentino Alto Adige","robots":{"index":"index","follow":"follow","max-snippet":"max-snippet:-1","max-image-preview":"max-image-preview:large","max-video-preview":"max-video-preview:-1"},"canonical":"https:\/\/www.chaletnata.com\/de\/fassatal\/fassatal-im-fruehling\/","og_locale":"de_DE","og_type":"article","og_title":"Primavera in Val di Fassa negli appartamenti del Chalet Nata","og_description":"Primavera in Val di Fassa al Chalet Nata per ammirare il risveglio della natura in montagna tra le cime dolomitiche in Trentino Alto Adige","og_url":"https:\/\/www.chaletnata.com\/de\/fassatal\/fassatal-im-fruehling\/","og_site_name":"Chalet Nata","article_modified_time":"2016-11-17T12:41:47+00:00","twitter_card":"summary_large_image","twitter_misc":{"Gesch\u00e4tzte Lesezeit":"1\u00a0Minute"},"schema":{"@context":"https:\/\/schema.org","@graph":[{"@type":"WebPage","@id":"https:\/\/www.chaletnata.com\/de\/fassatal\/fassatal-im-fruehling\/","url":"https:\/\/www.chaletnata.com\/de\/fassatal\/fassatal-im-fruehling\/","name":"Primavera in Val di Fassa negli appartamenti del Chalet Nata","isPartOf":{"@id":"https:\/\/www.chaletnata.com\/en\/#website"},"datePublished":"2013-02-25T15:57:23+00:00","dateModified":"2016-11-17T12:41:47+00:00","description":"Primavera in Val di Fassa al Chalet Nata per ammirare il risveglio della natura in montagna tra le cime dolomitiche in Trentino Alto Adige","breadcrumb":{"@id":"https:\/\/www.chaletnata.com\/de\/fassatal\/fassatal-im-fruehling\/#breadcrumb"},"inLanguage":"de","potentialAction":[{"@type":"ReadAction","target":["https:\/\/www.chaletnata.com\/de\/fassatal\/fassatal-im-fruehling\/"]}]},{"@type":"BreadcrumbList","@id":"https:\/\/www.chaletnata.com\/de\/fassatal\/fassatal-im-fruehling\/#breadcrumb","itemListElement":[{"@type":"ListItem","position":1,"name":"Home","item":"https:\/\/www.chaletnata.com\/de\/"},{"@type":"ListItem","position":2,"name":"Fassatal","item":"https:\/\/www.chaletnata.com\/de\/fassatal\/"},{"@type":"ListItem","position":3,"name":"Fassatal im Fr\u00fchling"}]},{"@type":"WebSite","@id":"https:\/\/www.chaletnata.com\/en\/#website","url":"https:\/\/www.chaletnata.com\/en\/","name":"Chalet Nata","description":"Appartamenti Turistici in Val di Fassa - Apartmens Dolomites - Ferienwhonung Dolomiten","potentialAction":[{"@type":"SearchAction","target":{"@type":"EntryPoint","urlTemplate":"https:\/\/www.chaletnata.com\/en\/?s={search_term_string}"},"query-input":{"@type":"PropertyValueSpecification","valueRequired":true,"valueName":"search_term_string"}}],"inLanguage":"de"}]}},"_links":{"self":[{"href":"https:\/\/www.chaletnata.com\/de\/wp-json\/wp\/v2\/pages\/4501\/"}],"collection":[{"href":"https:\/\/www.chaletnata.com\/de\/wp-json\/wp\/v2\/pages\/"}],"about":[{"href":"https:\/\/www.chaletnata.com\/de\/wp-json\/wp\/v2\/types\/page\/"}],"author":[{"embeddable":true,"href":"https:\/\/www.chaletnata.com\/de\/wp-json\/wp\/v2\/users\/1\/"}],"replies":[{"embeddable":true,"href":"https:\/\/www.chaletnata.com\/de\/wp-json\/wp\/v2\/comments\/?post=4501"}],"version-history":[{"count":2,"href":"https:\/\/www.chaletnata.com\/de\/wp-json\/wp\/v2\/pages\/4501\/revisions\/"}],"predecessor-version":[{"id":4661,"href":"https:\/\/www.chaletnata.com\/de\/wp-json\/wp\/v2\/pages\/4501\/revisions\/4661\/"}],"up":[{"embeddable":true,"href":"https:\/\/www.chaletnata.com\/de\/wp-json\/wp\/v2\/pages\/4239\/"}],"wp:attachment":[{"href":"https:\/\/www.chaletnata.com\/de\/wp-json\/wp\/v2\/media\/?parent=4501"}],"curies":[{"name":"wp","href":"https:\/\/api.w.org\/{rel}","templated":true}]}}

Fassatal im Frühling

<p>[vc_row][vc_column][vc_column_text]</p>
<h3>Der Frühling bedeutet Wiedererwachen der Natur, Auftauen vom langen Winter, die ersten Blumen auf den Wiesen widerstehen dem letzten Schnee.</h3>
<div></div>
<div>Auch der Frühling ist eine wunderschöne Zeit, wenn alles den strengen Winter zu verlassen scheint. Es ist schön zu sehen, wie der Talboden wieder grünt, während die Gipfel noch von Schnee bedeckt sind. Die Blumen füllen erneut die Wiesen und Felder und die Rehe kommen bis ins Dorf hinab, um das erste frische Gras zu suchen. Auch in dieser Jahreszeit ist das Fassatal ruhig, es gibt keine Touristenmassen wie in den anderen Jahreszeiten. Wer einen friedlichen Platz für die totale Entspannung sucht, kann nichts Besseres finden als einen Urlaub im Chalet Nata in der Frühlingszeit.</div>
<div>
<p>Copyright <a title="Anton Sessa" href="http://www.antonsessa.com" target="_blank">Anton Sessa</a> by <a title="DolomitiPic" href="http://www.dolomitipic.it" target="_blank">www.dolomitipic.it</a></p>
</div>
<p>[/vc_column_text][/vc_column][/vc_row][vc_row][vc_column][vc_masonry_media_grid element_width=&#8220;3&#8243; grid_id=&#8220;vc_gid:1479387928105-5b574511-0419-8&#8243; include=&#8220;4206,4207,4208,4209,4210,4211,4212,4213,4214,4215,4216,4217&#8243;][/vc_column][/vc_row]</p>

<p>[vc_row][vc_column][vc_column_text] Der Frühling bedeutet Wiedererwachen der Natur, Auftauen vom langen Winter, die ersten Blumen auf den Wiesen widerstehen dem letzten Schnee. Auch der Frühling ist eine wunderschöne Zeit, wenn alles den strengen Winter zu verlassen scheint. Es ist schön zu sehen, wie der Talboden wieder grünt, während die Gipfel noch von Schnee bedeckt sind. Die[&#8230;]</p>

<!-- This site is optimized with the Yoast SEO plugin v26.9 - https://yoast.com/product/yoast-seo-wordpress/ -->
<title>Primavera in Val di Fassa negli appartamenti del Chalet Nata</title>
<meta name="description" content="Primavera in Val di Fassa al Chalet Nata per ammirare il risveglio della natura in montagna tra le cime dolomitiche in Trentino Alto Adige" />
<meta name="robots" content="index, follow, max-snippet:-1, max-image-preview:large, max-video-preview:-1" />
<link rel="canonical" href="https://www.chaletnata.com/de/fassatal/fassatal-im-fruehling/" />
<meta property="og:locale" content="de_DE" />
<meta property="og:type" content="article" />
<meta property="og:title" content="Primavera in Val di Fassa negli appartamenti del Chalet Nata" />
<meta property="og:description" content="Primavera in Val di Fassa al Chalet Nata per ammirare il risveglio della natura in montagna tra le cime dolomitiche in Trentino Alto Adige" />
<meta property="og:url" content="https://www.chaletnata.com/de/fassatal/fassatal-im-fruehling/" />
<meta property="og:site_name" content="Chalet Nata" />
<meta property="article:modified_time" content="2016-11-17T12:41:47+00:00" />
<meta name="twitter:card" content="summary_large_image" />
<meta name="twitter:label1" content="Geschätzte Lesezeit" />
	<meta name="twitter:data1" content="1 Minute" />
<script type="application/ld+json" class="yoast-schema-graph">{"@context":"https://schema.org","@graph":[{"@type":"WebPage","@id":"https://www.chaletnata.com/de/fassatal/fassatal-im-fruehling/","url":"https://www.chaletnata.com/de/fassatal/fassatal-im-fruehling/","name":"Primavera in Val di Fassa negli appartamenti del Chalet Nata","isPartOf":{"@id":"https://www.chaletnata.com/en/#website"},"datePublished":"2013-02-25T15:57:23+00:00","dateModified":"2016-11-17T12:41:47+00:00","description":"Primavera in Val di Fassa al Chalet Nata per ammirare il risveglio della natura in montagna tra le cime dolomitiche in Trentino Alto Adige","breadcrumb":{"@id":"https://www.chaletnata.com/de/fassatal/fassatal-im-fruehling/#breadcrumb"},"inLanguage":"de","potentialAction":[{"@type":"ReadAction","target":["https://www.chaletnata.com/de/fassatal/fassatal-im-fruehling/"]}]},{"@type":"BreadcrumbList","@id":"https://www.chaletnata.com/de/fassatal/fassatal-im-fruehling/#breadcrumb","itemListElement":[{"@type":"ListItem","position":1,"name":"Home","item":"https://www.chaletnata.com/de/"},{"@type":"ListItem","position":2,"name":"Fassatal","item":"https://www.chaletnata.com/de/fassatal/"},{"@type":"ListItem","position":3,"name":"Fassatal im Frühling"}]},{"@type":"WebSite","@id":"https://www.chaletnata.com/en/#website","url":"https://www.chaletnata.com/en/","name":"Chalet Nata","description":"Appartamenti Turistici in Val di Fassa - Apartmens Dolomites - Ferienwhonung Dolomiten","potentialAction":[{"@type":"SearchAction","target":{"@type":"EntryPoint","urlTemplate":"https://www.chaletnata.com/en/?s={search_term_string}"},"query-input":{"@type":"PropertyValueSpecification","valueRequired":true,"valueName":"search_term_string"}}],"inLanguage":"de"}]}</script>
<!-- / Yoast SEO plugin. -->
