{"id":4487,"date":"2013-02-25T16:45:55","date_gmt":"2013-02-25T15:45:55","guid":{"rendered":"http:\/\/www.chaletnata.com\/val-di-fassa\/val-di-fassa-in-autunno\/?lang=de"},"modified":"2016-11-17T13:51:06","modified_gmt":"2016-11-17T12:51:06","slug":"fassatal-im-herbst","status":"publish","type":"page","link":"https:\/\/www.chaletnata.com\/de\/fassatal\/fassatal-im-herbst\/","title":{"rendered":"Fassatal im Herbst"},"content":{"rendered":"<p>[vc_row][vc_column][vc_column_text]<\/p>\n<h2>Den Herbst im Fassatal zu verbringen, ist eine einzigartige Erfahrung: die Dolomiten ver\u00e4ndern ihren Anblick und alles f\u00e4rbt sich in Gelb, Rot, Orange \u2026<\/h2>\n<div>dies sind die intensiven Farben des Herbstes, seine Nuancen, die L\u00e4rchen wechseln ihr Kleid, der Himmel ist blau und klar, der erste Schnee auf den Bergspitzen, die Natur und die Tiere bereiten sich f\u00fcr den Winter vor. Man atmet frische, reine Luft: typisch f\u00fcr den Herbst in den Bergen. Man genie\u00dft Frieden und Entspannung ohne das Gedr\u00e4nge der Saison in einem phantastischen Ambiente. Man kann noch sch\u00f6ne Spazierg\u00e4nge und Wanderungen machen. Einige Anlagen sind noch bis in die zweite Oktoberh\u00e4lfte in Betrieb und in unserem Chalet k\u00f6nnen Sie die notwendige Entspannung finden, um diese Momente zu genie\u00dfen.<\/div>\n<div>\n<p>Copyright <a title=\"Anton Sessa\" href=\"http:\/\/www.antonsessa.com\" target=\"_blank\">Anton Sessa<\/a> by <a title=\"DolomitiPic\" href=\"http:\/\/www.dolomitipic.it\" target=\"_blank\">www.dolomitipic.it<\/a><\/p>\n<\/div>\n<p>[\/vc_column_text][\/vc_column][\/vc_row][vc_row][vc_column][vc_masonry_media_grid element_width=&#8220;3&#8243; grid_id=&#8220;vc_gid:1479388611640-674e39a3-2b33-2&#8243; include=&#8220;4156,4157,4158,4159,4160,4161,4162,4163,4164,4165,4166,4167&#8243;][\/vc_column][\/vc_row]<\/p>\n","protected":false},"excerpt":{"rendered":"<p>[vc_row][vc_column][vc_column_text] Den Herbst im Fassatal zu verbringen, ist eine einzigartige Erfahrung: die Dolomiten ver\u00e4ndern ihren Anblick und alles f\u00e4rbt sich in Gelb, Rot, Orange \u2026 dies sind die intensiven Farben des Herbstes, seine Nuancen, die L\u00e4rchen wechseln ihr Kleid, der Himmel ist blau und klar, der erste Schnee auf den Bergspitzen, die Natur und die[&#8230;]<\/p>\n","protected":false},"author":1,"featured_media":0,"parent":4239,"menu_order":0,"comment_status":"open","ping_status":"open","template":"","meta":{"footnotes":""},"class_list":["post-4487","page","type-page","status-publish","hentry"],"yoast_head":"<!-- This site is optimized with the Yoast SEO plugin v26.9 - https:\/\/yoast.com\/product\/yoast-seo-wordpress\/ -->\n<title>La Val di Fassa in Autunno negli appartamenti del Chalet Nata<\/title>\n<meta name=\"description\" content=\"La Val di Fassa in Autunno in una cornice splendida ed emozionante! Famoso il foliage da poter ammirare sulle Dolomiti. Montagne in Trentino Alto Adige\" \/>\n<meta name=\"robots\" content=\"index, follow, max-snippet:-1, max-image-preview:large, max-video-preview:-1\" \/>\n<link rel=\"canonical\" href=\"https:\/\/www.chaletnata.com\/de\/fassatal\/fassatal-im-herbst\/\" \/>\n<meta property=\"og:locale\" content=\"de_DE\" \/>\n<meta property=\"og:type\" content=\"article\" \/>\n<meta property=\"og:title\" content=\"La Val di Fassa in Autunno negli appartamenti del Chalet Nata\" \/>\n<meta property=\"og:description\" content=\"La Val di Fassa in Autunno in una cornice splendida ed emozionante! Famoso il foliage da poter ammirare sulle Dolomiti. Montagne in Trentino Alto Adige\" \/>\n<meta property=\"og:url\" content=\"https:\/\/www.chaletnata.com\/de\/fassatal\/fassatal-im-herbst\/\" \/>\n<meta property=\"og:site_name\" content=\"Chalet Nata\" \/>\n<meta property=\"article:modified_time\" content=\"2016-11-17T12:51:06+00:00\" \/>\n<meta name=\"twitter:card\" content=\"summary_large_image\" \/>\n<meta name=\"twitter:label1\" content=\"Gesch\u00e4tzte Lesezeit\" \/>\n\t<meta name=\"twitter:data1\" content=\"1\u00a0Minute\" \/>\n<script type=\"application\/ld+json\" class=\"yoast-schema-graph\">{\"@context\":\"https:\/\/schema.org\",\"@graph\":[{\"@type\":\"WebPage\",\"@id\":\"https:\/\/www.chaletnata.com\/de\/fassatal\/fassatal-im-herbst\/\",\"url\":\"https:\/\/www.chaletnata.com\/de\/fassatal\/fassatal-im-herbst\/\",\"name\":\"La Val di Fassa in Autunno negli appartamenti del Chalet Nata\",\"isPartOf\":{\"@id\":\"https:\/\/www.chaletnata.com\/en\/#website\"},\"datePublished\":\"2013-02-25T15:45:55+00:00\",\"dateModified\":\"2016-11-17T12:51:06+00:00\",\"description\":\"La Val di Fassa in Autunno in una cornice splendida ed emozionante! Famoso il foliage da poter ammirare sulle Dolomiti. Montagne in Trentino Alto Adige\",\"breadcrumb\":{\"@id\":\"https:\/\/www.chaletnata.com\/de\/fassatal\/fassatal-im-herbst\/#breadcrumb\"},\"inLanguage\":\"de\",\"potentialAction\":[{\"@type\":\"ReadAction\",\"target\":[\"https:\/\/www.chaletnata.com\/de\/fassatal\/fassatal-im-herbst\/\"]}]},{\"@type\":\"BreadcrumbList\",\"@id\":\"https:\/\/www.chaletnata.com\/de\/fassatal\/fassatal-im-herbst\/#breadcrumb\",\"itemListElement\":[{\"@type\":\"ListItem\",\"position\":1,\"name\":\"Home\",\"item\":\"https:\/\/www.chaletnata.com\/de\/\"},{\"@type\":\"ListItem\",\"position\":2,\"name\":\"Fassatal\",\"item\":\"https:\/\/www.chaletnata.com\/de\/fassatal\/\"},{\"@type\":\"ListItem\",\"position\":3,\"name\":\"Fassatal im Herbst\"}]},{\"@type\":\"WebSite\",\"@id\":\"https:\/\/www.chaletnata.com\/en\/#website\",\"url\":\"https:\/\/www.chaletnata.com\/en\/\",\"name\":\"Chalet Nata\",\"description\":\"Appartamenti Turistici in Val di Fassa - Apartmens Dolomites - Ferienwhonung Dolomiten\",\"potentialAction\":[{\"@type\":\"SearchAction\",\"target\":{\"@type\":\"EntryPoint\",\"urlTemplate\":\"https:\/\/www.chaletnata.com\/en\/?s={search_term_string}\"},\"query-input\":{\"@type\":\"PropertyValueSpecification\",\"valueRequired\":true,\"valueName\":\"search_term_string\"}}],\"inLanguage\":\"de\"}]}<\/script>\n<!-- \/ Yoast SEO plugin. -->","yoast_head_json":{"title":"La Val di Fassa in Autunno negli appartamenti del Chalet Nata","description":"La Val di Fassa in Autunno in una cornice splendida ed emozionante! Famoso il foliage da poter ammirare sulle Dolomiti. Montagne in Trentino Alto Adige","robots":{"index":"index","follow":"follow","max-snippet":"max-snippet:-1","max-image-preview":"max-image-preview:large","max-video-preview":"max-video-preview:-1"},"canonical":"https:\/\/www.chaletnata.com\/de\/fassatal\/fassatal-im-herbst\/","og_locale":"de_DE","og_type":"article","og_title":"La Val di Fassa in Autunno negli appartamenti del Chalet Nata","og_description":"La Val di Fassa in Autunno in una cornice splendida ed emozionante! Famoso il foliage da poter ammirare sulle Dolomiti. Montagne in Trentino Alto Adige","og_url":"https:\/\/www.chaletnata.com\/de\/fassatal\/fassatal-im-herbst\/","og_site_name":"Chalet Nata","article_modified_time":"2016-11-17T12:51:06+00:00","twitter_card":"summary_large_image","twitter_misc":{"Gesch\u00e4tzte Lesezeit":"1\u00a0Minute"},"schema":{"@context":"https:\/\/schema.org","@graph":[{"@type":"WebPage","@id":"https:\/\/www.chaletnata.com\/de\/fassatal\/fassatal-im-herbst\/","url":"https:\/\/www.chaletnata.com\/de\/fassatal\/fassatal-im-herbst\/","name":"La Val di Fassa in Autunno negli appartamenti del Chalet Nata","isPartOf":{"@id":"https:\/\/www.chaletnata.com\/en\/#website"},"datePublished":"2013-02-25T15:45:55+00:00","dateModified":"2016-11-17T12:51:06+00:00","description":"La Val di Fassa in Autunno in una cornice splendida ed emozionante! Famoso il foliage da poter ammirare sulle Dolomiti. Montagne in Trentino Alto Adige","breadcrumb":{"@id":"https:\/\/www.chaletnata.com\/de\/fassatal\/fassatal-im-herbst\/#breadcrumb"},"inLanguage":"de","potentialAction":[{"@type":"ReadAction","target":["https:\/\/www.chaletnata.com\/de\/fassatal\/fassatal-im-herbst\/"]}]},{"@type":"BreadcrumbList","@id":"https:\/\/www.chaletnata.com\/de\/fassatal\/fassatal-im-herbst\/#breadcrumb","itemListElement":[{"@type":"ListItem","position":1,"name":"Home","item":"https:\/\/www.chaletnata.com\/de\/"},{"@type":"ListItem","position":2,"name":"Fassatal","item":"https:\/\/www.chaletnata.com\/de\/fassatal\/"},{"@type":"ListItem","position":3,"name":"Fassatal im Herbst"}]},{"@type":"WebSite","@id":"https:\/\/www.chaletnata.com\/en\/#website","url":"https:\/\/www.chaletnata.com\/en\/","name":"Chalet Nata","description":"Appartamenti Turistici in Val di Fassa - Apartmens Dolomites - Ferienwhonung Dolomiten","potentialAction":[{"@type":"SearchAction","target":{"@type":"EntryPoint","urlTemplate":"https:\/\/www.chaletnata.com\/en\/?s={search_term_string}"},"query-input":{"@type":"PropertyValueSpecification","valueRequired":true,"valueName":"search_term_string"}}],"inLanguage":"de"}]}},"_links":{"self":[{"href":"https:\/\/www.chaletnata.com\/de\/wp-json\/wp\/v2\/pages\/4487\/"}],"collection":[{"href":"https:\/\/www.chaletnata.com\/de\/wp-json\/wp\/v2\/pages\/"}],"about":[{"href":"https:\/\/www.chaletnata.com\/de\/wp-json\/wp\/v2\/types\/page\/"}],"author":[{"embeddable":true,"href":"https:\/\/www.chaletnata.com\/de\/wp-json\/wp\/v2\/users\/1\/"}],"replies":[{"embeddable":true,"href":"https:\/\/www.chaletnata.com\/de\/wp-json\/wp\/v2\/comments\/?post=4487"}],"version-history":[{"count":3,"href":"https:\/\/www.chaletnata.com\/de\/wp-json\/wp\/v2\/pages\/4487\/revisions\/"}],"predecessor-version":[{"id":4665,"href":"https:\/\/www.chaletnata.com\/de\/wp-json\/wp\/v2\/pages\/4487\/revisions\/4665\/"}],"up":[{"embeddable":true,"href":"https:\/\/www.chaletnata.com\/de\/wp-json\/wp\/v2\/pages\/4239\/"}],"wp:attachment":[{"href":"https:\/\/www.chaletnata.com\/de\/wp-json\/wp\/v2\/media\/?parent=4487"}],"curies":[{"name":"wp","href":"https:\/\/api.w.org\/{rel}","templated":true}]}}

<p>[vc_row][vc_column][vc_column_text]</p>
<h2>Den Herbst im Fassatal zu verbringen, ist eine einzigartige Erfahrung: die Dolomiten verändern ihren Anblick und alles färbt sich in Gelb, Rot, Orange …</h2>
<div>dies sind die intensiven Farben des Herbstes, seine Nuancen, die Lärchen wechseln ihr Kleid, der Himmel ist blau und klar, der erste Schnee auf den Bergspitzen, die Natur und die Tiere bereiten sich für den Winter vor. Man atmet frische, reine Luft: typisch für den Herbst in den Bergen. Man genießt Frieden und Entspannung ohne das Gedränge der Saison in einem phantastischen Ambiente. Man kann noch schöne Spaziergänge und Wanderungen machen. Einige Anlagen sind noch bis in die zweite Oktoberhälfte in Betrieb und in unserem Chalet können Sie die notwendige Entspannung finden, um diese Momente zu genießen.</div>
<div>
<p>Copyright <a title="Anton Sessa" href="http://www.antonsessa.com" target="_blank">Anton Sessa</a> by <a title="DolomitiPic" href="http://www.dolomitipic.it" target="_blank">www.dolomitipic.it</a></p>
</div>
<p>[/vc_column_text][/vc_column][/vc_row][vc_row][vc_column][vc_masonry_media_grid element_width=&#8220;3&#8243; grid_id=&#8220;vc_gid:1479388611640-674e39a3-2b33-2&#8243; include=&#8220;4156,4157,4158,4159,4160,4161,4162,4163,4164,4165,4166,4167&#8243;][/vc_column][/vc_row]</p>

<p>[vc_row][vc_column][vc_column_text] Den Herbst im Fassatal zu verbringen, ist eine einzigartige Erfahrung: die Dolomiten verändern ihren Anblick und alles färbt sich in Gelb, Rot, Orange … dies sind die intensiven Farben des Herbstes, seine Nuancen, die Lärchen wechseln ihr Kleid, der Himmel ist blau und klar, der erste Schnee auf den Bergspitzen, die Natur und die[&#8230;]</p>

<!-- This site is optimized with the Yoast SEO plugin v26.9 - https://yoast.com/product/yoast-seo-wordpress/ -->
<title>La Val di Fassa in Autunno negli appartamenti del Chalet Nata</title>
<meta name="description" content="La Val di Fassa in Autunno in una cornice splendida ed emozionante! Famoso il foliage da poter ammirare sulle Dolomiti. Montagne in Trentino Alto Adige" />
<meta name="robots" content="index, follow, max-snippet:-1, max-image-preview:large, max-video-preview:-1" />
<link rel="canonical" href="https://www.chaletnata.com/de/fassatal/fassatal-im-herbst/" />
<meta property="og:locale" content="de_DE" />
<meta property="og:type" content="article" />
<meta property="og:title" content="La Val di Fassa in Autunno negli appartamenti del Chalet Nata" />
<meta property="og:description" content="La Val di Fassa in Autunno in una cornice splendida ed emozionante! Famoso il foliage da poter ammirare sulle Dolomiti. Montagne in Trentino Alto Adige" />
<meta property="og:url" content="https://www.chaletnata.com/de/fassatal/fassatal-im-herbst/" />
<meta property="og:site_name" content="Chalet Nata" />
<meta property="article:modified_time" content="2016-11-17T12:51:06+00:00" />
<meta name="twitter:card" content="summary_large_image" />
<meta name="twitter:label1" content="Geschätzte Lesezeit" />
	<meta name="twitter:data1" content="1 Minute" />
<script type="application/ld+json" class="yoast-schema-graph">{"@context":"https://schema.org","@graph":[{"@type":"WebPage","@id":"https://www.chaletnata.com/de/fassatal/fassatal-im-herbst/","url":"https://www.chaletnata.com/de/fassatal/fassatal-im-herbst/","name":"La Val di Fassa in Autunno negli appartamenti del Chalet Nata","isPartOf":{"@id":"https://www.chaletnata.com/en/#website"},"datePublished":"2013-02-25T15:45:55+00:00","dateModified":"2016-11-17T12:51:06+00:00","description":"La Val di Fassa in Autunno in una cornice splendida ed emozionante! Famoso il foliage da poter ammirare sulle Dolomiti. Montagne in Trentino Alto Adige","breadcrumb":{"@id":"https://www.chaletnata.com/de/fassatal/fassatal-im-herbst/#breadcrumb"},"inLanguage":"de","potentialAction":[{"@type":"ReadAction","target":["https://www.chaletnata.com/de/fassatal/fassatal-im-herbst/"]}]},{"@type":"BreadcrumbList","@id":"https://www.chaletnata.com/de/fassatal/fassatal-im-herbst/#breadcrumb","itemListElement":[{"@type":"ListItem","position":1,"name":"Home","item":"https://www.chaletnata.com/de/"},{"@type":"ListItem","position":2,"name":"Fassatal","item":"https://www.chaletnata.com/de/fassatal/"},{"@type":"ListItem","position":3,"name":"Fassatal im Herbst"}]},{"@type":"WebSite","@id":"https://www.chaletnata.com/en/#website","url":"https://www.chaletnata.com/en/","name":"Chalet Nata","description":"Appartamenti Turistici in Val di Fassa - Apartmens Dolomites - Ferienwhonung Dolomiten","potentialAction":[{"@type":"SearchAction","target":{"@type":"EntryPoint","urlTemplate":"https://www.chaletnata.com/en/?s={search_term_string}"},"query-input":{"@type":"PropertyValueSpecification","valueRequired":true,"valueName":"search_term_string"}}],"inLanguage":"de"}]}</script>
<!-- / Yoast SEO plugin. -->
