{"id":4468,"date":"2013-02-24T17:26:29","date_gmt":"2013-02-24T16:26:29","guid":{"rendered":"http:\/\/www.chaletnata.com\/appartamenti\/polaris\/?lang=de"},"modified":"2019-10-28T12:13:34","modified_gmt":"2019-10-28T11:13:34","slug":"polaris","status":"publish","type":"page","link":"https:\/\/www.chaletnata.com\/de\/apartments\/polaris\/","title":{"rendered":"Polaris"},"content":{"rendered":"<p>[vc_row][vc_column][vc_column_text]<\/p>\n<figure id=\"attachment_5149\" aria-describedby=\"caption-attachment-5149\" style=\"width: 300px\" class=\"wp-caption alignright\"><a href=\"https:\/\/www.chaletnata.com\/wp-content\/uploads\/2019\/10\/giradino-polaris.jpg\" data-rel=\"lightbox-image-0\" data-imagelightbox=\"0\" data-rl_title=\"\" data-rl_caption=\"\" title=\"\"><img loading=\"lazy\" decoding=\"async\" class=\"wp-image-5149\" src=\"https:\/\/www.chaletnata.com\/wp-content\/uploads\/2019\/10\/giradino-polaris.jpg\" alt=\"\" width=\"300\" height=\"400\" srcset=\"https:\/\/www.chaletnata.com\/wp-content\/uploads\/2019\/10\/giradino-polaris.jpg 768w, https:\/\/www.chaletnata.com\/wp-content\/uploads\/2019\/10\/giradino-polaris-225x300.jpg 225w, https:\/\/www.chaletnata.com\/wp-content\/uploads\/2019\/10\/giradino-polaris-567x756.jpg 567w\" sizes=\"auto, (max-width: 300px) 100vw, 300px\" \/><\/a><figcaption id=\"caption-attachment-5149\" class=\"wp-caption-text\">Eingez\u00e4unter Garten der Polaris Wohnung (hundefreundlich)<\/figcaption><\/figure>\n<p>Der Polarstern ist der Leitstern, der Fixpunkt am Himmel, der schon in der Antike den Reisenden\u00a0 den Weg gezeigt hat. Der Polarstern hat Sie hierher, in das h\u00fcbsche Apartment Polaris gef\u00fchrt, das\u00a0\u00a0 im gleichen Stil wie das Apartment Orion gebaut wurde.<\/p>\n<p>Die Fu\u00dfb\u00f6den in beiden Zimmern sind aus L\u00e4rchenholz. Auch hier finden Sie zwei B\u00e4der, von denen eines mit Wanne\/Dusche. Es fehlt nat\u00fcrlich auch nicht an der K\u00fcche, die mit einem ganz modernen Glaskeramikkochfeld, einem Ofen, einer Sp\u00fclmaschine und einem K\u00fchlschrank mit Tiefk\u00fchlschrank ausgestattet ist. Das ganze wird erg\u00e4nzt durch eine bezogene Sitzecke, ein Bettsofa f\u00fcr Ihre Freunde, einen Fernseher mit DVD Spieler und einem Computer mit Internet-Zugang. Wie auch das Apartment Orion, befindet sich das Apartment Polaris im Erdgeschoss und mit einem Schritt sind sie in unseren gro\u00dfen Garten, der von der majest\u00e4tischen Dolomitenkette des Fassatals eingerahmt wird. Das Dorf befindet sich unterhalb und durch die Ruhe werden nie vorhandene Gef\u00fchle in Ihnen aufkommen.<\/p>\n<p>Das Apartment ist ideal f\u00fcr 2 Personen, kann aber, dank dem bequemen Bettsofa und dem zweiten Bad, auch von vier Personen bewohnt werden.[\/vc_column_text][\/vc_column][\/vc_row][vc_row][vc_column][vc_gallery interval=&#8220;5&#8243; images=&#8220;3784,3788,3790,3789,3787,3663,3786,3785,3783,3662&#8243; img_size=&#8220;full&#8220; title=&#8220;Bilder von der Apartment Polaris&#8220;][\/vc_column][\/vc_row]<\/p>\n","protected":false},"excerpt":{"rendered":"<p>[vc_row][vc_column][vc_column_text] Der Polarstern ist der Leitstern, der Fixpunkt am Himmel, der schon in der Antike den Reisenden\u00a0 den Weg gezeigt hat. Der Polarstern hat Sie hierher, in das h\u00fcbsche Apartment Polaris gef\u00fchrt, das\u00a0\u00a0 im gleichen Stil wie das Apartment Orion gebaut wurde. Die Fu\u00dfb\u00f6den in beiden Zimmern sind aus L\u00e4rchenholz. Auch hier finden Sie zwei[&#8230;]<\/p>\n","protected":false},"author":1,"featured_media":0,"parent":4463,"menu_order":0,"comment_status":"open","ping_status":"closed","template":"","meta":{"footnotes":""},"class_list":["post-4468","page","type-page","status-publish","hentry"],"yoast_head":"<!-- This site is optimized with the Yoast SEO plugin v26.9 - https:\/\/yoast.com\/product\/yoast-seo-wordpress\/ -->\n<title>Appartamento Polaris al Chalet Nata - Val di Fassa Vigo di Fassa<\/title>\n<meta name=\"description\" content=\"Appartamento Polaris al Chalet Nata a Vigo di Fassa in Val di Fassa - Dolomiti - Trentino Alto Adige - alpi - alps - apartments - airbnb\" \/>\n<meta name=\"robots\" content=\"index, follow, max-snippet:-1, max-image-preview:large, max-video-preview:-1\" \/>\n<link rel=\"canonical\" href=\"https:\/\/www.chaletnata.com\/de\/apartments\/polaris\/\" \/>\n<meta property=\"og:locale\" content=\"de_DE\" \/>\n<meta property=\"og:type\" content=\"article\" \/>\n<meta property=\"og:title\" content=\"Appartamento Polaris al Chalet Nata - Val di Fassa Vigo di Fassa\" \/>\n<meta property=\"og:description\" content=\"Appartamento Polaris al Chalet Nata a Vigo di Fassa in Val di Fassa - Dolomiti - Trentino Alto Adige - alpi - alps - apartments - airbnb\" \/>\n<meta property=\"og:url\" content=\"https:\/\/www.chaletnata.com\/de\/apartments\/polaris\/\" \/>\n<meta property=\"og:site_name\" content=\"Chalet Nata\" \/>\n<meta property=\"article:modified_time\" content=\"2019-10-28T11:13:34+00:00\" \/>\n<meta property=\"og:image\" content=\"https:\/\/www.chaletnata.com\/wp-content\/uploads\/2019\/10\/giradino-polaris.jpg\" \/>\n<meta name=\"twitter:card\" content=\"summary_large_image\" \/>\n<meta name=\"twitter:label1\" content=\"Gesch\u00e4tzte Lesezeit\" \/>\n\t<meta name=\"twitter:data1\" content=\"1\u00a0Minute\" \/>\n<script type=\"application\/ld+json\" class=\"yoast-schema-graph\">{\"@context\":\"https:\/\/schema.org\",\"@graph\":[{\"@type\":\"WebPage\",\"@id\":\"https:\/\/www.chaletnata.com\/de\/apartments\/polaris\/\",\"url\":\"https:\/\/www.chaletnata.com\/de\/apartments\/polaris\/\",\"name\":\"Appartamento Polaris al Chalet Nata - Val di Fassa Vigo di Fassa\",\"isPartOf\":{\"@id\":\"https:\/\/www.chaletnata.com\/en\/#website\"},\"primaryImageOfPage\":{\"@id\":\"https:\/\/www.chaletnata.com\/de\/apartments\/polaris\/#primaryimage\"},\"image\":{\"@id\":\"https:\/\/www.chaletnata.com\/de\/apartments\/polaris\/#primaryimage\"},\"thumbnailUrl\":\"https:\/\/www.chaletnata.com\/wp-content\/uploads\/2019\/10\/giradino-polaris.jpg\",\"datePublished\":\"2013-02-24T16:26:29+00:00\",\"dateModified\":\"2019-10-28T11:13:34+00:00\",\"description\":\"Appartamento Polaris al Chalet Nata a Vigo di Fassa in Val di Fassa - Dolomiti - Trentino Alto Adige - alpi - alps - apartments - airbnb\",\"breadcrumb\":{\"@id\":\"https:\/\/www.chaletnata.com\/de\/apartments\/polaris\/#breadcrumb\"},\"inLanguage\":\"de\",\"potentialAction\":[{\"@type\":\"ReadAction\",\"target\":[\"https:\/\/www.chaletnata.com\/de\/apartments\/polaris\/\"]}]},{\"@type\":\"ImageObject\",\"inLanguage\":\"de\",\"@id\":\"https:\/\/www.chaletnata.com\/de\/apartments\/polaris\/#primaryimage\",\"url\":\"https:\/\/www.chaletnata.com\/wp-content\/uploads\/2019\/10\/giradino-polaris.jpg\",\"contentUrl\":\"https:\/\/www.chaletnata.com\/wp-content\/uploads\/2019\/10\/giradino-polaris.jpg\"},{\"@type\":\"BreadcrumbList\",\"@id\":\"https:\/\/www.chaletnata.com\/de\/apartments\/polaris\/#breadcrumb\",\"itemListElement\":[{\"@type\":\"ListItem\",\"position\":1,\"name\":\"Home\",\"item\":\"https:\/\/www.chaletnata.com\/de\/\"},{\"@type\":\"ListItem\",\"position\":2,\"name\":\"Apartments\",\"item\":\"https:\/\/www.chaletnata.com\/de\/apartments\/\"},{\"@type\":\"ListItem\",\"position\":3,\"name\":\"Polaris\"}]},{\"@type\":\"WebSite\",\"@id\":\"https:\/\/www.chaletnata.com\/en\/#website\",\"url\":\"https:\/\/www.chaletnata.com\/en\/\",\"name\":\"Chalet Nata\",\"description\":\"Appartamenti Turistici in Val di Fassa - Apartmens Dolomites - Ferienwhonung Dolomiten\",\"potentialAction\":[{\"@type\":\"SearchAction\",\"target\":{\"@type\":\"EntryPoint\",\"urlTemplate\":\"https:\/\/www.chaletnata.com\/en\/?s={search_term_string}\"},\"query-input\":{\"@type\":\"PropertyValueSpecification\",\"valueRequired\":true,\"valueName\":\"search_term_string\"}}],\"inLanguage\":\"de\"}]}<\/script>\n<!-- \/ Yoast SEO plugin. -->","yoast_head_json":{"title":"Appartamento Polaris al Chalet Nata - Val di Fassa Vigo di Fassa","description":"Appartamento Polaris al Chalet Nata a Vigo di Fassa in Val di Fassa - Dolomiti - Trentino Alto Adige - alpi - alps - apartments - airbnb","robots":{"index":"index","follow":"follow","max-snippet":"max-snippet:-1","max-image-preview":"max-image-preview:large","max-video-preview":"max-video-preview:-1"},"canonical":"https:\/\/www.chaletnata.com\/de\/apartments\/polaris\/","og_locale":"de_DE","og_type":"article","og_title":"Appartamento Polaris al Chalet Nata - Val di Fassa Vigo di Fassa","og_description":"Appartamento Polaris al Chalet Nata a Vigo di Fassa in Val di Fassa - Dolomiti - Trentino Alto Adige - alpi - alps - apartments - airbnb","og_url":"https:\/\/www.chaletnata.com\/de\/apartments\/polaris\/","og_site_name":"Chalet Nata","article_modified_time":"2019-10-28T11:13:34+00:00","og_image":[{"url":"https:\/\/www.chaletnata.com\/wp-content\/uploads\/2019\/10\/giradino-polaris.jpg","type":"","width":"","height":""}],"twitter_card":"summary_large_image","twitter_misc":{"Gesch\u00e4tzte Lesezeit":"1\u00a0Minute"},"schema":{"@context":"https:\/\/schema.org","@graph":[{"@type":"WebPage","@id":"https:\/\/www.chaletnata.com\/de\/apartments\/polaris\/","url":"https:\/\/www.chaletnata.com\/de\/apartments\/polaris\/","name":"Appartamento Polaris al Chalet Nata - Val di Fassa Vigo di Fassa","isPartOf":{"@id":"https:\/\/www.chaletnata.com\/en\/#website"},"primaryImageOfPage":{"@id":"https:\/\/www.chaletnata.com\/de\/apartments\/polaris\/#primaryimage"},"image":{"@id":"https:\/\/www.chaletnata.com\/de\/apartments\/polaris\/#primaryimage"},"thumbnailUrl":"https:\/\/www.chaletnata.com\/wp-content\/uploads\/2019\/10\/giradino-polaris.jpg","datePublished":"2013-02-24T16:26:29+00:00","dateModified":"2019-10-28T11:13:34+00:00","description":"Appartamento Polaris al Chalet Nata a Vigo di Fassa in Val di Fassa - Dolomiti - Trentino Alto Adige - alpi - alps - apartments - airbnb","breadcrumb":{"@id":"https:\/\/www.chaletnata.com\/de\/apartments\/polaris\/#breadcrumb"},"inLanguage":"de","potentialAction":[{"@type":"ReadAction","target":["https:\/\/www.chaletnata.com\/de\/apartments\/polaris\/"]}]},{"@type":"ImageObject","inLanguage":"de","@id":"https:\/\/www.chaletnata.com\/de\/apartments\/polaris\/#primaryimage","url":"https:\/\/www.chaletnata.com\/wp-content\/uploads\/2019\/10\/giradino-polaris.jpg","contentUrl":"https:\/\/www.chaletnata.com\/wp-content\/uploads\/2019\/10\/giradino-polaris.jpg"},{"@type":"BreadcrumbList","@id":"https:\/\/www.chaletnata.com\/de\/apartments\/polaris\/#breadcrumb","itemListElement":[{"@type":"ListItem","position":1,"name":"Home","item":"https:\/\/www.chaletnata.com\/de\/"},{"@type":"ListItem","position":2,"name":"Apartments","item":"https:\/\/www.chaletnata.com\/de\/apartments\/"},{"@type":"ListItem","position":3,"name":"Polaris"}]},{"@type":"WebSite","@id":"https:\/\/www.chaletnata.com\/en\/#website","url":"https:\/\/www.chaletnata.com\/en\/","name":"Chalet Nata","description":"Appartamenti Turistici in Val di Fassa - Apartmens Dolomites - Ferienwhonung Dolomiten","potentialAction":[{"@type":"SearchAction","target":{"@type":"EntryPoint","urlTemplate":"https:\/\/www.chaletnata.com\/en\/?s={search_term_string}"},"query-input":{"@type":"PropertyValueSpecification","valueRequired":true,"valueName":"search_term_string"}}],"inLanguage":"de"}]}},"_links":{"self":[{"href":"https:\/\/www.chaletnata.com\/de\/wp-json\/wp\/v2\/pages\/4468\/"}],"collection":[{"href":"https:\/\/www.chaletnata.com\/de\/wp-json\/wp\/v2\/pages\/"}],"about":[{"href":"https:\/\/www.chaletnata.com\/de\/wp-json\/wp\/v2\/types\/page\/"}],"author":[{"embeddable":true,"href":"https:\/\/www.chaletnata.com\/de\/wp-json\/wp\/v2\/users\/1\/"}],"replies":[{"embeddable":true,"href":"https:\/\/www.chaletnata.com\/de\/wp-json\/wp\/v2\/comments\/?post=4468"}],"version-history":[{"count":3,"href":"https:\/\/www.chaletnata.com\/de\/wp-json\/wp\/v2\/pages\/4468\/revisions\/"}],"predecessor-version":[{"id":5151,"href":"https:\/\/www.chaletnata.com\/de\/wp-json\/wp\/v2\/pages\/4468\/revisions\/5151\/"}],"up":[{"embeddable":true,"href":"https:\/\/www.chaletnata.com\/de\/wp-json\/wp\/v2\/pages\/4463\/"}],"wp:attachment":[{"href":"https:\/\/www.chaletnata.com\/de\/wp-json\/wp\/v2\/media\/?parent=4468"}],"curies":[{"name":"wp","href":"https:\/\/api.w.org\/{rel}","templated":true}]}}

<p>[vc_row][vc_column][vc_column_text]</p>
<figure id="attachment_5149" aria-describedby="caption-attachment-5149" style="width: 300px" class="wp-caption alignright"><a href="https://www.chaletnata.com/wp-content/uploads/2019/10/giradino-polaris.jpg" data-rel="lightbox-image-0" data-imagelightbox="0" data-rl_title="" data-rl_caption="" title=""><img loading="lazy" decoding="async" class="wp-image-5149" src="https://www.chaletnata.com/wp-content/uploads/2019/10/giradino-polaris.jpg" alt="" width="300" height="400" srcset="https://www.chaletnata.com/wp-content/uploads/2019/10/giradino-polaris.jpg 768w, https://www.chaletnata.com/wp-content/uploads/2019/10/giradino-polaris-225x300.jpg 225w, https://www.chaletnata.com/wp-content/uploads/2019/10/giradino-polaris-567x756.jpg 567w" sizes="auto, (max-width: 300px) 100vw, 300px" /></a><figcaption id="caption-attachment-5149" class="wp-caption-text">Eingezäunter Garten der Polaris Wohnung (hundefreundlich)</figcaption></figure>
<p>Der Polarstern ist der Leitstern, der Fixpunkt am Himmel, der schon in der Antike den Reisenden  den Weg gezeigt hat. Der Polarstern hat Sie hierher, in das hübsche Apartment Polaris geführt, das   im gleichen Stil wie das Apartment Orion gebaut wurde.</p>
<p>Die Fußböden in beiden Zimmern sind aus Lärchenholz. Auch hier finden Sie zwei Bäder, von denen eines mit Wanne/Dusche. Es fehlt natürlich auch nicht an der Küche, die mit einem ganz modernen Glaskeramikkochfeld, einem Ofen, einer Spülmaschine und einem Kühlschrank mit Tiefkühlschrank ausgestattet ist. Das ganze wird ergänzt durch eine bezogene Sitzecke, ein Bettsofa für Ihre Freunde, einen Fernseher mit DVD Spieler und einem Computer mit Internet-Zugang. Wie auch das Apartment Orion, befindet sich das Apartment Polaris im Erdgeschoss und mit einem Schritt sind sie in unseren großen Garten, der von der majestätischen Dolomitenkette des Fassatals eingerahmt wird. Das Dorf befindet sich unterhalb und durch die Ruhe werden nie vorhandene Gefühle in Ihnen aufkommen.</p>
<p>Das Apartment ist ideal für 2 Personen, kann aber, dank dem bequemen Bettsofa und dem zweiten Bad, auch von vier Personen bewohnt werden.[/vc_column_text][/vc_column][/vc_row][vc_row][vc_column][vc_gallery interval=&#8220;5&#8243; images=&#8220;3784,3788,3790,3789,3787,3663,3786,3785,3783,3662&#8243; img_size=&#8220;full&#8220; title=&#8220;Bilder von der Apartment Polaris&#8220;][/vc_column][/vc_row]</p>

<p>[vc_row][vc_column][vc_column_text] Der Polarstern ist der Leitstern, der Fixpunkt am Himmel, der schon in der Antike den Reisenden  den Weg gezeigt hat. Der Polarstern hat Sie hierher, in das hübsche Apartment Polaris geführt, das   im gleichen Stil wie das Apartment Orion gebaut wurde. Die Fußböden in beiden Zimmern sind aus Lärchenholz. Auch hier finden Sie zwei[&#8230;]</p>

<!-- This site is optimized with the Yoast SEO plugin v26.9 - https://yoast.com/product/yoast-seo-wordpress/ -->
<title>Appartamento Polaris al Chalet Nata - Val di Fassa Vigo di Fassa</title>
<meta name="description" content="Appartamento Polaris al Chalet Nata a Vigo di Fassa in Val di Fassa - Dolomiti - Trentino Alto Adige - alpi - alps - apartments - airbnb" />
<meta name="robots" content="index, follow, max-snippet:-1, max-image-preview:large, max-video-preview:-1" />
<link rel="canonical" href="https://www.chaletnata.com/de/apartments/polaris/" />
<meta property="og:locale" content="de_DE" />
<meta property="og:type" content="article" />
<meta property="og:title" content="Appartamento Polaris al Chalet Nata - Val di Fassa Vigo di Fassa" />
<meta property="og:description" content="Appartamento Polaris al Chalet Nata a Vigo di Fassa in Val di Fassa - Dolomiti - Trentino Alto Adige - alpi - alps - apartments - airbnb" />
<meta property="og:url" content="https://www.chaletnata.com/de/apartments/polaris/" />
<meta property="og:site_name" content="Chalet Nata" />
<meta property="article:modified_time" content="2019-10-28T11:13:34+00:00" />
<meta property="og:image" content="https://www.chaletnata.com/wp-content/uploads/2019/10/giradino-polaris.jpg" />
<meta name="twitter:card" content="summary_large_image" />
<meta name="twitter:label1" content="Geschätzte Lesezeit" />
	<meta name="twitter:data1" content="1 Minute" />
<script type="application/ld+json" class="yoast-schema-graph">{"@context":"https://schema.org","@graph":[{"@type":"WebPage","@id":"https://www.chaletnata.com/de/apartments/polaris/","url":"https://www.chaletnata.com/de/apartments/polaris/","name":"Appartamento Polaris al Chalet Nata - Val di Fassa Vigo di Fassa","isPartOf":{"@id":"https://www.chaletnata.com/en/#website"},"primaryImageOfPage":{"@id":"https://www.chaletnata.com/de/apartments/polaris/#primaryimage"},"image":{"@id":"https://www.chaletnata.com/de/apartments/polaris/#primaryimage"},"thumbnailUrl":"https://www.chaletnata.com/wp-content/uploads/2019/10/giradino-polaris.jpg","datePublished":"2013-02-24T16:26:29+00:00","dateModified":"2019-10-28T11:13:34+00:00","description":"Appartamento Polaris al Chalet Nata a Vigo di Fassa in Val di Fassa - Dolomiti - Trentino Alto Adige - alpi - alps - apartments - airbnb","breadcrumb":{"@id":"https://www.chaletnata.com/de/apartments/polaris/#breadcrumb"},"inLanguage":"de","potentialAction":[{"@type":"ReadAction","target":["https://www.chaletnata.com/de/apartments/polaris/"]}]},{"@type":"ImageObject","inLanguage":"de","@id":"https://www.chaletnata.com/de/apartments/polaris/#primaryimage","url":"https://www.chaletnata.com/wp-content/uploads/2019/10/giradino-polaris.jpg","contentUrl":"https://www.chaletnata.com/wp-content/uploads/2019/10/giradino-polaris.jpg"},{"@type":"BreadcrumbList","@id":"https://www.chaletnata.com/de/apartments/polaris/#breadcrumb","itemListElement":[{"@type":"ListItem","position":1,"name":"Home","item":"https://www.chaletnata.com/de/"},{"@type":"ListItem","position":2,"name":"Apartments","item":"https://www.chaletnata.com/de/apartments/"},{"@type":"ListItem","position":3,"name":"Polaris"}]},{"@type":"WebSite","@id":"https://www.chaletnata.com/en/#website","url":"https://www.chaletnata.com/en/","name":"Chalet Nata","description":"Appartamenti Turistici in Val di Fassa - Apartmens Dolomites - Ferienwhonung Dolomiten","potentialAction":[{"@type":"SearchAction","target":{"@type":"EntryPoint","urlTemplate":"https://www.chaletnata.com/en/?s={search_term_string}"},"query-input":{"@type":"PropertyValueSpecification","valueRequired":true,"valueName":"search_term_string"}}],"inLanguage":"de"}]}</script>
<!-- / Yoast SEO plugin. -->
